59417 prime?
False
Is 15601 a prime number?
True
Is 3589 prime?
False
Is 755054 a composite number?
True
Is 4837 prime?
False
Is 29182 a prime number?
False
Is 1777 prime?
True
Is 16699 a prime number?
True
Is 25913 a composite number?
False
Is 52613 prime?
False
Is 2981 a composite number?
True
Is 56519 prime?
True
Is 13822 prime?
False
Is 29123 a composite number?
False
Is 531071 a composite number?
False
Is 366677 a composite number?
False
Is 48959 a composite number?
True
Is 3359 a composite number?
False
Is 3299 a composite number?
False
Is 20627 composite?
False
Is 5299 a composite number?
True
Is 40417 prime?
False
Is 312929 prime?
True
Is 116255 a composite number?
True
Is 300385 a prime number?
False
Is 70033 a prime number?
False
Is 129799 a composite number?
True
Is 84377 composite?
False
Is 25202 a composite number?
True
Is 159977 a composite number?
False
Is 126253 a prime number?
False
Is 514417 a prime number?
True
Is 9574 a prime number?
False
Is 262949 prime?
True
Is 158419 prime?
True
Is 187 prime?
False
Is 39133 composite?
False
Is 309053 prime?
False
Is 265801 prime?
False
Is 825329 prime?
True
Is 42934 prime?
False
Is 35951 a composite number?
False
Is 4618 composite?
True
Is 19231 a prime number?
True
Is 14519 a prime number?
True
Is 47339 composite?
False
Is 2015201 a composite number?
False
Is 175103 a composite number?
False
Is 145891 a prime number?
False
Is 469387 a prime number?
False
Is 9277 composite?
False
Is 114107 prime?
False
Is 117037 prime?
True
Is 12151 a composite number?
True
Is 1431043 a composite number?
True
Is 218941 prime?
True
Is 4559 prime?
False
Is 6521 a prime number?
True
Is 17677 a composite number?
True
Is 434507 a composite number?
True
Is 53726 prime?
False
Is 944081 prime?
False
Is 466319 a prime number?
False
Is 88169 composite?
False
Is 66737 prime?
False
Is 1472323 a composite number?
True
Is 50659 a composite number?
True
Is 5167 composite?
False
Is 675713 a prime number?
True
Is 1966 prime?
False
Is 53503 a prime number?
True
Is 147481 a composite number?
False
Is 42799 prime?
False
Is 727049 composite?
False
Is 20873 a composite number?
False
Is 98243 a prime number?
False
Is 91659 prime?
False
Is 178927 composite?
True
Is 11878 a composite number?
True
Is 2504167 prime?
True
Is 5737 composite?
False
Is 15 a composite number?
True
Is 6503 composite?
True
Is 30133 a composite number?
False
Is 15863 a composite number?
True
Is 39517 a composite number?
True
Is 53759 composite?
False
Is 12949 composite?
True
Is 7769 composite?
True
Is 27149 composite?
True
Is 24137 composite?
False
Is 173263 a composite number?
False
Is 15551 prime?
True
Is 1901 prime?
True
Is 6521 a prime number?
True
Is 1513 a prime number?
False
Is 158759 a prime number?
True
Is 50581 a prime number?
True
Is 8887 a prime number?
True
Is 2 a prime number?
True
Is 20573 prime?
False
Is 45641 a composite number?
False
Is 24701 a composite number?
True
Is 104333 a prime number?
False
Is 2050679 a prime number?
True
Is 4393 a prime number?
False
Is 175363 a composite number?
True
Is 209959 a prime number?
True
Is 1201121 a composite number?
True
Is 5129 prime?
False
Is 1916611 prime?
True
Is 334127 a prime number?
True
Is 451 a composite number?
True
Is 22493 a composite number?
True
Is 79123 a composite number?
True
Is 281989 a composite number?
False
Is 4981 a composite number?
True
Is 35063 prime?
False
Is 40381 prime?
False
Is 4201 a composite number?
False
Is 153169 composite?
True
Is 3413 composite?
False
Is 221362 a composite number?
True
Is 316679 composite?
True
Is 48634 a composite number?
True
Is 1399 prime?
True
Is 191 a composite number?
False
Is 44003 a composite number?
True
Is 713 a composite number?
True
Is 2941 composite?
True
Is 967 prime?
True
Is 169255 a composite number?
True
Is 42321 composite?
True
Is 6883 prime?
True
Is 20005 prime?
False
Is 127183 prime?
False
Is 155549 a composite number?
True
Is 35671 prime?
True
Is 1249 a prime number?
True
Is 1437393 a prime number?
False
Is 88183 a composite number?
True
Is 2229809 prime?
True
Is 6121 composite?
False
Is 17858 composite?
True
Is 332641 a prime number?
True
Is 733949 a composite number?
False
Is 451249 a composite number?
False
Is 281189 a composite number?
False
Is 225403 a prime number?
False
Is 2479 prime?
False
Is 6227 prime?
False
Is 796163 composite?
True
Is 137398 composite?
True
Is 853243 composite?
True
Is 16619 composite?
False
Is 1593391 prime?
False
Is 5045 a composite number?
True
Is 1550459 a prime number?
False
Is 6803 a composite number?
False
Is 1404811 a prime number?
True
Is 2819 a prime number?
True
Is 1030415 a composite number?
True
Is 19301 a composite number?
False
Is 63739 a composite number?
True
Is 221245 a prime number?
False
Is 7171 a prime number?
False
Is 695291 prime?
False
Is 108689 composite?
True
Is 22471 a composite number?
True
Is 57353 a prime number?
False
Is 4396114 a prime number?
False
Is 259999 a composite number?
True
Is 14354 a prime number?
False
Is 178851 prime?
False
Is 6613 composite?
True
Is 11861 a prime number?
False
Is 9029 prime?
True
Is 39157 a prime number?
True
Is 307 prime?
True
Is 46741 a composite number?
True
Is 8131 a composite number?
True
Is 11341 a composite number?
True
Is 422183 a composite number?
False
Is 14845 prime?
False
Is 1327 prime?
True
Is 311381 a composite number?
True
Is 24761 a composite number?
True
Is 46199 a composite number?
False
Is 242713 prime?
True
Is 19027 composite?
True
Is 42191 prime?
False
Is 12247 composite?
True
Is 688783 a composite number?
False
Is 5297 prime?
True
Is 91621 composite?
False
Is 1151 a composite number?
False
Is 100642 composite?
True
Is 931883 prime?
True
Is 161831 prime?
True
Is 2153 prime?
True
Is 299747 a composite number?
True
Is 67447 prime?
True
Is 323305 a composite number?
True
Is 248107 prime?
False
Is 633559 a composite number?
False
Is 5435 prime?
False
Is 5021 a prime number?
True
Is 25439 a composite number?
False
Is 3653 a prime number?
False
Is 9059 prime?
True
Is 4443121 composite?
False
Is 209877 a composite number?
True
Is 20795 prime?
False
Is 7855 prime?
False
Is 48731 a prime number?
True
Is 1031129 a prime number?
False
Is 367 a prime number?
True
Is 59863 composite?
False
Is 89891 a composite number?
False
Is 12219 a prime number?
False
Is 6467 a prime number?
False
Is 421907 composite?
False
Is 465617 a prime number?
False
Is 262749 composite?
True
Is 124213 composite?
False
Is 6697 a composite number?
True
Is 2554 a composite number?
True
Is 7001 composite?
False
Is 5447 composite?
True
Is 78401 composite?
False
Is 112663 a prime number?
True
Is 109267 prime?
True
Is 2611 a composite number?
True
Is 47 a composite number?
False
Is 237647 a prime number?
False
Is 1104877 composite?
False
Is 9235 prime?
False
Is 3119 a prime number?
True
Is 24611 prime?
True
Is 3049 a composite number?
False
Is 56273 a prime number?
False
Is 2251 a prime number?
True
Is 1424699 a composite number?
False
Is 52249 a composite number?
False
Is 357223 a prime number?
False
Is 6337 a composite number?
False
Is 2939 prime?
True
Is 64131 composite?
True
Is 130069 prime?
True
Is 57991 prime?
True
Is 71963 a prime number?
True
Is 151337 composite?
False
Is 44417 a composite number?
False
Is 1741 prime?
True
Is 38323 composite?
True
Is 3019 composite?
False
Is 44417 composite?
False
Is 87 a composite number?
True
Is 2609 a composite number?
False
Is 7669 a prime number?
True
Is 506537 prime?
True
Is 38693 prime?
True
Is 22501 a prime number?
True
Is 141863 a composite number?
False
Is 9242 composite?
True
Is 91051 composite?
True
Is 7397 prime?
False
Is 734401 a composite number?
False
Is 7963 a composite number?
False
Is 659 a prime number?
True
Is 3907 prime?
True
Is 186619 composite?
False
Is 2267 a composite number?
False
Is 12149 a prime number?
True
Is 72023 a composite number?
True
Is 551 a composite number?
True
Is 68377 composite?
True
Is 272899 a composite number?
True
Is 18215 a prime number?
False
Is 168361 a prime number?
False
Is 61993 a prime number?
False
Is 587065 a prime number?
False
Is 19883 composite?
True
Is 8903 a composite number?
True
Is 1252609 a composite number?
False
Is 1149485 a prime number?
False
Is 